{"id":1029,"date":"2018-06-07T08:23:47","date_gmt":"2018-06-07T06:23:47","guid":{"rendered":"http:\/\/mcrichter.de\/tanzen\/?page_id=1029"},"modified":"2024-08-01T15:59:17","modified_gmt":"2024-08-01T13:59:17","slug":"discofox","status":"publish","type":"page","link":"https:\/\/www.tsvtanzen.de\/?page_id=1029","title":{"rendered":"Training Discofox"},"content":{"rendered":"<h3><strong>Trainingszeiten<\/strong><\/h3>\n<p><span style=\"color: #000000;\">immer <strong>Montags von 19.30 Uhr bis 20.30<\/strong><\/span>\u00a0Uhr (au\u00dfer Schulferien) im B\u00fcrgerhaus Kronepark in der <a href=\"http:\/\/maps.google.de\/maps?q=Darmst%C3%A4dter%20Str.%20166,%2064625\" target=\"_blank\" rel=\"noopener noreferrer\">Darmst\u00e4dter Stra\u00dfe 166,\u00a064625 Bensheim<\/a>.<\/p>\n<p>Bitte beachten Sie auch die <a href=\"https:\/\/tsvtanzen.de\">aktuellen Informationen<\/a>, da es kurzfristig zu \u00c4nderungen kommen kann.<\/p>\n<h3>Lokalit\u00e4t<\/h3>\n<p>Das B\u00fcrgerhaus befindet sich an der B3 an der Einm\u00fcndung zur Bachgasse.<\/p>\n<p><a href=\"http:\/\/mcrichter.de\/tanzen\/wp-content\/uploads\/Anfahrt-Kronepark.png\"><img loading=\"lazy\" decoding=\"async\" class=\"aligncenter size-full wp-image-90\" src=\"http:\/\/mcrichter.de\/tanzen\/wp-content\/uploads\/Anfahrt-Kronepark.png\" alt=\"\" width=\"325\" height=\"309\" srcset=\"https:\/\/www.tsvtanzen.de\/wp-content\/uploads\/Anfahrt-Kronepark.png 325w, https:\/\/www.tsvtanzen.de\/wp-content\/uploads\/Anfahrt-Kronepark-300x285.png 300w\" sizes=\"auto, (max-width: 325px) 100vw, 325px\" \/><\/a><\/p>\n<p>Alternativ k\u00f6nnen Sie sich mittels <a href=\"http:\/\/maps.google.de\/maps?q=Darmst%C3%A4dter%20Str.%20166,%2064625\" target=\"_blank\" rel=\"noopener noreferrer\">Google Maps<\/a> die Anfahrt zeigen lassen.<\/p>\n","protected":false},"excerpt":{"rendered":"<p>Trainingszeiten immer Montags von 19.30 Uhr bis 20.30\u00a0Uhr (au\u00dfer Schulferien) im B\u00fcrgerhaus Kronepark in der Darmst\u00e4dter Stra\u00dfe 166,\u00a064625 Bensheim. Bitte beachten Sie auch die aktuellen Informationen, da es kurzfristig zu \u00c4nderungen kommen kann. Lokalit\u00e4t Das B\u00fcrgerhaus befindet sich an der B3 an der Einm\u00fcndung zur Bachgasse. Alternativ k\u00f6nnen Sie sich mittels Google Maps die Anfahrt [&hellip;]<\/p>\n","protected":false},"author":1,"featured_media":0,"parent":0,"menu_order":0,"comment_status":"closed","ping_status":"closed","template":"","meta":{"footnotes":""},"class_list":["post-1029","page","type-page","status-publish","hentry"],"_links":{"self":[{"href":"https:\/\/www.tsvtanzen.de\/index.php?rest_route=\/wp\/v2\/pages\/1029","targetHints":{"allow":["GET"]}}],"collection":[{"href":"https:\/\/www.tsvtanzen.de\/index.php?rest_route=\/wp\/v2\/pages"}],"about":[{"href":"https:\/\/www.tsvtanzen.de\/index.php?rest_route=\/wp\/v2\/types\/page"}],"author":[{"embeddable":true,"href":"https:\/\/www.tsvtanzen.de\/index.php?rest_route=\/wp\/v2\/users\/1"}],"replies":[{"embeddable":true,"href":"https:\/\/www.tsvtanzen.de\/index.php?rest_route=%2Fwp%2Fv2%2Fcomments&post=1029"}],"version-history":[{"count":18,"href":"https:\/\/www.tsvtanzen.de\/index.php?rest_route=\/wp\/v2\/pages\/1029\/revisions"}],"predecessor-version":[{"id":5218,"href":"https:\/\/www.tsvtanzen.de\/index.php?rest_route=\/wp\/v2\/pages\/1029\/revisions\/5218"}],"wp:attachment":[{"href":"https:\/\/www.tsvtanzen.de\/index.php?rest_route=%2Fwp%2Fv2%2Fmedia&parent=1029"}],"curies":[{"name":"wp","href":"https:\/\/api.w.org\/{rel}","templated":true}]}}