{"id":4688,"date":"2022-12-10T16:30:07","date_gmt":"2022-12-10T15:30:07","guid":{"rendered":"https:\/\/mcrichter.macbay.net\/tanzen\/?page_id=4688"},"modified":"2025-09-10T09:29:16","modified_gmt":"2025-09-10T07:29:16","slug":"freies-training","status":"publish","type":"page","link":"https:\/\/www.tsvtanzen.de\/?page_id=4688","title":{"rendered":"Freies Training"},"content":{"rendered":"\n<p>F\u00fcr alle Mitglieder der Tanzabteilung bieten wir <strong>montags<\/strong> ab <strong>20:00<\/strong> ein freies Training an. Bei Interesse schreiben Sie uns eine <a href=\"https:\/\/tsvtanzen.de\/?page_id=4688#Anmeldung\">Nachricht<\/a>.<\/p>\n\n\n\n<p>Zus\u00e4tzlich bieten wir <strong>jeden dritten Freitag<\/strong> im Monat ein weiteres kostenloses Training unter dem Motto \u201eJust for fun\u201c an. Auch hier w\u00e4re eine <a href=\"https:\/\/tsvtanzen.de\/?page_id=4688#Anmeldung\">Anmeldung<\/a> zur besseren Planung hilfreich.<\/p>\n\n\n\n<p><strong>Lokalit\u00e4t<\/strong><\/p>\n\n\n\n<p>Das freie Training findet im Geb\u00e4ude D3 (Gymnastikhalle) der TSV statt. Der Eingang befindet sich auf der Nordseite (Parkplatz) der Halle.<\/p>\n\n\n\n<figure class=\"wp-block-image aligncenter\"><a href=\"http:\/\/mcrichter.de\/tanzen\/wp-content\/uploads\/Lageplan-TSV-Geb\u00e4ude.png\"><img loading=\"lazy\" decoding=\"async\" width=\"1024\" height=\"835\" src=\"http:\/\/mcrichter.de\/tanzen\/wp-content\/uploads\/Lageplan-TSV-Geb\u00e4ude-1024x835.png\" alt=\"\" class=\"wp-image-962\" srcset=\"https:\/\/www.tsvtanzen.de\/wp-content\/uploads\/Lageplan-TSV-Geb\u00e4ude-1024x835.png 1024w, https:\/\/www.tsvtanzen.de\/wp-content\/uploads\/Lageplan-TSV-Geb\u00e4ude-300x245.png 300w, https:\/\/www.tsvtanzen.de\/wp-content\/uploads\/Lageplan-TSV-Geb\u00e4ude-768x626.png 768w, https:\/\/www.tsvtanzen.de\/wp-content\/uploads\/Lageplan-TSV-Geb\u00e4ude.png 1114w\" sizes=\"auto, (max-width: 1024px) 100vw, 1024px\" \/><\/a><\/figure>\n\n\n\n<h2 class=\"wp-block-heading\"><strong>Anfahrt<\/strong><\/h2>\n\n\n\n<p>Sie k\u00f6nnen sich entweder mittels <a rel=\"noreferrer noopener\" href=\"http:\/\/maps.google.de\/maps?q=Saarstr.56 64625\" target=\"_blank\">Google Maps<\/a> die Anfahrt zeigen lassen oder Sie halten sich an die nachfolgende Beschreibung:<\/p>\n\n\n\n<h4 class=\"wp-block-heading\">Aus Heppenheim kommend \u00fcber B3:<\/h4>\n\n\n\n<p>B3 Richtung Darmstadt, an der 1. Ampelkreuzung hinter dem Ortsschild Bensheim-Auerbach (rechts ist unter anderem eine Tankstelle und eine Spielhalle) links abbiegen in die Saarstra\u00dfe. \u00dcber die Br\u00fccke fahren und dort gleich links auf den Parkplatz (kurz vor dem Kreisel). Dort kann das Auto abgestellt werden.<\/p>\n\n\n\n<h4 class=\"wp-block-heading\">Aus Darmstadt kommend \u00fcber B3:<\/h4>\n\n\n\n<p>B3 bis zu Ampelkreuzung HINTER dem Lidl. Die Ampel hat eine Rechts-Abbiegerspur und eine Rechts-Abbieger-Ampel. Dort rechts in die Saarstra\u00dfe abbiegen und weiter fahren wie oben.<\/p>\n\n\n\n<h4 class=\"wp-block-heading\">Von der Autobahn kommend (beide Richtungen):<\/h4>\n\n\n\n<p>Von der Autobahn Ausfahrt Zwingenberg Richtung Bensheim-Auerbach fahren (B67\/Berliner Ring). Dieser Stra\u00dfe folgen bis zum ersten Kreisel. Dort die 3. Ausfahrt (links abbiegen) nehmen und sofort nach rechts auf den Parkplatz fahren. <\/p>\n\n\n\n<h2 class=\"wp-block-heading\" id=\"Anmeldung\">Anmeldung<\/h2>\n\n\n<style id=\"wpforms-css-vars-5162-block-4efbd137-9adc-45f9-a9e0-61be124d088c\">\n\t\t\t\t#wpforms-5162.wpforms-block-4efbd137-9adc-45f9-a9e0-61be124d088c {\n\t\t\t\t--wpforms-button-background-color: #e3001b;\n--wpforms-field-size-input-height: 43px;\n--wpforms-field-size-input-spacing: 15px;\n--wpforms-field-size-font-size: 16px;\n--wpforms-field-size-line-height: 19px;\n--wpforms-field-size-padding-h: 14px;\n--wpforms-field-size-checkbox-size: 16px;\n--wpforms-field-size-sublabel-spacing: 5px;\n--wpforms-field-size-icon-size: 1;\n--wpforms-label-size-font-size: 16px;\n--wpforms-label-size-line-height: 19px;\n--wpforms-label-size-sublabel-font-size: 14px;\n--wpforms-label-size-sublabel-line-height: 17px;\n--wpforms-button-size-font-size: 17px;\n--wpforms-button-size-height: 41px;\n--wpforms-button-size-padding-h: 15px;\n--wpforms-button-size-margin-top: 10px;\n\t\t\t}\n\t\t\t<\/style><div class=\"wpforms-container wpforms-container-full wpforms-block wpforms-block-4efbd137-9adc-45f9-a9e0-61be124d088c wpforms-render-modern\" id=\"wpforms-5162\"><form id=\"wpforms-form-5162\" class=\"wpforms-validate wpforms-form wpforms-ajax-form\" data-formid=\"5162\" method=\"post\" enctype=\"multipart\/form-data\" action=\"\/index.php?rest_route=%2Fwp%2Fv2%2Fpages%2F4688\" data-token=\"6191a2c3a7b085f29beacf28cfcc74ee\" data-token-time=\"1777595272\"><noscript class=\"wpforms-error-noscript\">Bitte aktiviere JavaScript in deinem Browser, um dieses Formular fertigzustellen.<\/noscript><div id=\"wpforms-error-noscript\" style=\"display: none;\">Bitte aktiviere JavaScript in deinem Browser, um dieses Formular fertigzustellen.<\/div><div class=\"wpforms-field-container\"><div id=\"wpforms-5162-field_0-container\" class=\"wpforms-field wpforms-field-name\" data-field-id=\"0\"><fieldset><legend class=\"wpforms-field-label\">Name <span class=\"wpforms-required-label\" aria-hidden=\"true\">*<\/span><\/legend><div class=\"wpforms-field-row wpforms-field-medium\"><div class=\"wpforms-field-row-block wpforms-first wpforms-one-half\"><input type=\"text\" id=\"wpforms-5162-field_0\" class=\"wpforms-field-name-first wpforms-field-required\" name=\"wpforms[fields][0][first]\" aria-errormessage=\"wpforms-5162-field_0-error\" required><label for=\"wpforms-5162-field_0\" class=\"wpforms-field-sublabel after\">Vorname<\/label><\/div><div class=\"wpforms-field-row-block wpforms-one-half\"><input type=\"text\" id=\"wpforms-5162-field_0-last\" class=\"wpforms-field-name-last wpforms-field-required\" name=\"wpforms[fields][0][last]\" aria-errormessage=\"wpforms-5162-field_0-last-error\" required><label for=\"wpforms-5162-field_0-last\" class=\"wpforms-field-sublabel after\">Nachname<\/label><\/div><\/div><\/fieldset><\/div><div id=\"wpforms-5162-field_3-container\" class=\"wpforms-field wpforms-field-text\" data-field-id=\"3\"><label class=\"wpforms-field-label\" for=\"wpforms-5162-field_3\">Telefonnummer<\/label><input type=\"text\" id=\"wpforms-5162-field_3\" class=\"wpforms-field-medium\" name=\"wpforms[fields][3]\" aria-errormessage=\"wpforms-5162-field_3-error\" ><\/div><div id=\"wpforms-5162-field_1-container\" class=\"wpforms-field wpforms-field-email\" data-field-id=\"1\"><label class=\"wpforms-field-label\" for=\"wpforms-5162-field_1\">E-Mail-Adresse <span class=\"wpforms-required-label\" aria-hidden=\"true\">*<\/span><\/label><input type=\"email\" id=\"wpforms-5162-field_1\" class=\"wpforms-field-medium wpforms-field-required\" name=\"wpforms[fields][1]\" spellcheck=\"false\" aria-errormessage=\"wpforms-5162-field_1-error\" required><\/div><div id=\"wpforms-5162-field_2-container\" class=\"wpforms-field wpforms-field-textarea\" data-field-id=\"2\"><label class=\"wpforms-field-label\" for=\"wpforms-5162-field_2\">Kommentar oder Nachricht<\/label><textarea id=\"wpforms-5162-field_2\" class=\"wpforms-field-medium\" name=\"wpforms[fields][2]\" aria-errormessage=\"wpforms-5162-field_2-error\" ><\/textarea><\/div><\/div><!-- .wpforms-field-container --><div class=\"wpforms-submit-container\" ><input type=\"hidden\" name=\"wpforms[id]\" value=\"5162\"><input type=\"hidden\" name=\"page_title\" value=\"\"><input type=\"hidden\" name=\"page_url\" value=\"https:\/\/www.tsvtanzen.de\/index.php?rest_route=\/wp\/v2\/pages\/4688\"><input type=\"hidden\" name=\"url_referer\" value=\"\"><span class=\"wpcf7-form-control-wrap cf7ic-wpf kc_captcha\" data-name=\"kc_captcha\"><span class=\"wpcf7-form-control wpcf7-cf7ic\"><span class=\"captcha-image cf7ic-style1\" style=\"border:none;\"><span class=\"cf7ic_instructions\">Bitte beweise, dass du kein Spambot bist und w\u00e4hle das Symbol <span>Auto<\/span>:<span class=\"cf7ic-icon-wrapper\"><label><input aria-label=\"1\" type=\"radio\" name=\"kc_captcha\" value=\"5259adcff96245cba87d1e316d80ff22b7c68ccfff5919649a9998580ae3a819\" \/><i class=\"fa fa-flag\"><\/i><\/label><label><input aria-label=\"2\" type=\"radio\" name=\"kc_captcha\" value=\"cac1e2962dab79834fca0264bc9e266c763a19ba6275ecd8615e61a9d2775afc\" \/><i class=\"fa fa-truck\"><\/i><\/label><label><input aria-label=\"3\" type=\"radio\" name=\"kc_captcha\" value=\"43f20689dd656dfe138288a4a51e9295b4f747caa9acbcc8373dd3549b182c23\" \/><i class=\"fa fa-car\"><\/i><\/label><span aria-hidden=\"true\" class=\"ai1ic-fields\"><input type=\"hidden\" name=\"cf7ic_exists\" value=\"true\"\/><input type=\"hidden\" name=\"kc_key\" value=\"SK6mWuoIiLbFOG2bN0kA\"><input type=\"text\" name=\"kc_honeypot\" tabindex=\"-1\" value=\"\"><\/span><\/span><\/span><\/span><\/span><\/span><button type=\"submit\" name=\"wpforms[submit]\" id=\"wpforms-submit-5162\" class=\"wpforms-submit\" data-alt-text=\"Wird gesendet\u00a0\u2026\" data-submit-text=\"Absenden\" aria-live=\"assertive\" value=\"wpforms-submit\">Absenden<\/button><img loading=\"lazy\" decoding=\"async\" src=\"https:\/\/www.tsvtanzen.de\/wp-content\/plugins\/wpforms-lite\/assets\/images\/submit-spin.svg\" class=\"wpforms-submit-spinner\" style=\"display: none;\" width=\"26\" height=\"26\" alt=\"Wird geladen\"><\/div><\/form><\/div>  <!-- .wpforms-container -->","protected":false},"excerpt":{"rendered":"<p>F\u00fcr alle Mitglieder der Tanzabteilung bieten wir montags ab 20:00 ein freies Training an. Bei Interesse schreiben Sie uns eine Nachricht. Zus\u00e4tzlich bieten wir jeden dritten Freitag im Monat ein weiteres kostenloses Training unter dem Motto \u201eJust for fun\u201c an. Auch hier w\u00e4re eine Anmeldung zur besseren Planung hilfreich. Lokalit\u00e4t Das freie Training findet im [&hellip;]<\/p>\n","protected":false},"author":1,"featured_media":0,"parent":0,"menu_order":0,"comment_status":"closed","ping_status":"closed","template":"","meta":{"footnotes":""},"class_list":["post-4688","page","type-page","status-publish","hentry"],"_links":{"self":[{"href":"https:\/\/www.tsvtanzen.de\/index.php?rest_route=\/wp\/v2\/pages\/4688","targetHints":{"allow":["GET"]}}],"collection":[{"href":"https:\/\/www.tsvtanzen.de\/index.php?rest_route=\/wp\/v2\/pages"}],"about":[{"href":"https:\/\/www.tsvtanzen.de\/index.php?rest_route=\/wp\/v2\/types\/page"}],"author":[{"embeddable":true,"href":"https:\/\/www.tsvtanzen.de\/index.php?rest_route=\/wp\/v2\/users\/1"}],"replies":[{"embeddable":true,"href":"https:\/\/www.tsvtanzen.de\/index.php?rest_route=%2Fwp%2Fv2%2Fcomments&post=4688"}],"version-history":[{"count":24,"href":"https:\/\/www.tsvtanzen.de\/index.php?rest_route=\/wp\/v2\/pages\/4688\/revisions"}],"predecessor-version":[{"id":5548,"href":"https:\/\/www.tsvtanzen.de\/index.php?rest_route=\/wp\/v2\/pages\/4688\/revisions\/5548"}],"wp:attachment":[{"href":"https:\/\/www.tsvtanzen.de\/index.php?rest_route=%2Fwp%2Fv2%2Fmedia&parent=4688"}],"curies":[{"name":"wp","href":"https:\/\/api.w.org\/{rel}","templated":true}]}}