{"id":4883,"date":"2023-08-05T12:44:40","date_gmt":"2023-08-05T10:44:40","guid":{"rendered":"https:\/\/mcrichter.macbay.net\/tanzen\/?page_id=4883"},"modified":"2025-12-12T14:45:22","modified_gmt":"2025-12-12T13:45:22","slug":"folk-dance","status":"publish","type":"page","link":"https:\/\/www.tsvtanzen.de\/?page_id=4883","title":{"rendered":"Training Circle and Linedance"},"content":{"rendered":"\n<h3 class=\"wp-block-heading\"><strong>Trainingszeiten<\/strong><\/h3>\n\n\n\n<p>Diese Gruppe trainiert freitags (au\u00dfer am 3. Freitag im Monat) jeweils ab 19:30 Uhr in der Gymnastikhalle auf dem Weiherhausgel\u00e4nde der TSV Auerbach in der Saarstra\u00dfe 56 in 64625 Bensheim. Hier werden \u00e4hnliche Folgen wie bei <a href=\"https:\/\/www.tsvtanzen.de\/?page_id=4981\" data-type=\"page\" data-id=\"4981\">Modern Linedance<\/a> unterrichtet.<\/p>\n\n\n\n<p>Neueinsteiger sind jederzeit herzlich willkommen.<\/p>\n\n\n\n<p>Am 3. Freitag im Monat findet zu dieser Zeit ein freies Training unter dem Motto &#8222;Just for fun&#8220; statt.<\/p>\n\n\n\n<p>Bitte beachten Sie auch die <a href=\"https:\/\/tsvtanzen.de\">aktuellen Informationen<\/a>, da es kurzfristig zu \u00c4nderungen kommen kann.<\/p>\n\n\n\n<h2 class=\"wp-block-heading\"><strong>Lokalit\u00e4t<\/strong><\/h2>\n\n\n\n<p>Circle and Linedance findet im Geb\u00e4ude D3 (Gymnastikhalle) der TSV statt. Der Eingang befindet sich auf der Nordseite (Parkplatz) der Halle.<\/p>\n\n\n\n<figure class=\"wp-block-image aligncenter\"><a href=\"http:\/\/mcrichter.de\/tanzen\/wp-content\/uploads\/Lageplan-TSV-Geb\u00e4ude.png\"><img loading=\"lazy\" decoding=\"async\" width=\"1024\" height=\"835\" src=\"http:\/\/mcrichter.de\/tanzen\/wp-content\/uploads\/Lageplan-TSV-Geb\u00e4ude-1024x835.png\" alt=\"\" class=\"wp-image-962\" srcset=\"https:\/\/www.tsvtanzen.de\/wp-content\/uploads\/Lageplan-TSV-Geb\u00e4ude-1024x835.png 1024w, https:\/\/www.tsvtanzen.de\/wp-content\/uploads\/Lageplan-TSV-Geb\u00e4ude-300x245.png 300w, https:\/\/www.tsvtanzen.de\/wp-content\/uploads\/Lageplan-TSV-Geb\u00e4ude-768x626.png 768w, https:\/\/www.tsvtanzen.de\/wp-content\/uploads\/Lageplan-TSV-Geb\u00e4ude.png 1114w\" sizes=\"auto, (max-width: 1024px) 100vw, 1024px\" \/><\/a><\/figure>\n\n\n\n<h2 class=\"wp-block-heading\"><strong>Anfahrt<\/strong><\/h2>\n\n\n\n<p>Sie k\u00f6nnen sich entweder mittels <a rel=\"noreferrer noopener\" href=\"http:\/\/maps.google.de\/maps?q=Saarstr.56 64625\" target=\"_blank\">Google Maps<\/a> die Anfahrt zeigen lassen oder Sie halten sich an die nachfolgende Beschreibung:<\/p>\n\n\n\n<h4 class=\"wp-block-heading\">Aus Heppenheim kommend \u00fcber B3:<\/h4>\n\n\n\n<p>B3 Richtung Darmstadt, an der 1. Ampelkreuzung hinter dem Ortsschild Bensheim-Auerbach (rechts ist unter anderem eine Tankstelle und eine Spielhalle) links abbiegen in die Saarstra\u00dfe. \u00dcber die Br\u00fccke fahren und dort gleich links auf den Parkplatz (kurz vor dem Kreisel). Dort kann das Auto abgestellt werden.<\/p>\n\n\n\n<h4 class=\"wp-block-heading\">Aus Darmstadt kommend \u00fcber B3:<\/h4>\n\n\n\n<p>B3 bis zu Ampelkreuzung HINTER dem Lidl. Die Ampel hat eine Rechts-Abbiegerspur und eine Rechts-Abbieger-Ampel. Dort rechts in die Saarstra\u00dfe abbiegen und weiter fahren wie oben.<\/p>\n\n\n\n<h4 class=\"wp-block-heading\">Von der Autobahn kommend (beide Richtungen):<\/h4>\n\n\n\n<p>Von der Autobahn Ausfahrt Zwingenberg Richtung Bensheim-Auerbach fahren (B67\/Berliner Ring). Dieser Stra\u00dfe folgen bis zum ersten Kreisel. Dort die 3. Ausfahrt (links abbiegen) nehmen und sofort nach rechts auf den Parkplatz fahren. <\/p>\n\n\n\n<p><\/p>\n","protected":false},"excerpt":{"rendered":"<p>Trainingszeiten Diese Gruppe trainiert freitags (au\u00dfer am 3. Freitag im Monat) jeweils ab 19:30 Uhr in der Gymnastikhalle auf dem Weiherhausgel\u00e4nde der TSV Auerbach in der Saarstra\u00dfe 56 in 64625 Bensheim. Hier werden \u00e4hnliche Folgen wie bei Modern Linedance unterrichtet. Neueinsteiger sind jederzeit herzlich willkommen. Am 3. Freitag im Monat findet zu dieser Zeit ein [&hellip;]<\/p>\n","protected":false},"author":5,"featured_media":0,"parent":0,"menu_order":0,"comment_status":"closed","ping_status":"closed","template":"","meta":{"footnotes":""},"class_list":["post-4883","page","type-page","status-publish","hentry"],"_links":{"self":[{"href":"https:\/\/www.tsvtanzen.de\/index.php?rest_route=\/wp\/v2\/pages\/4883","targetHints":{"allow":["GET"]}}],"collection":[{"href":"https:\/\/www.tsvtanzen.de\/index.php?rest_route=\/wp\/v2\/pages"}],"about":[{"href":"https:\/\/www.tsvtanzen.de\/index.php?rest_route=\/wp\/v2\/types\/page"}],"author":[{"embeddable":true,"href":"https:\/\/www.tsvtanzen.de\/index.php?rest_route=\/wp\/v2\/users\/5"}],"replies":[{"embeddable":true,"href":"https:\/\/www.tsvtanzen.de\/index.php?rest_route=%2Fwp%2Fv2%2Fcomments&post=4883"}],"version-history":[{"count":26,"href":"https:\/\/www.tsvtanzen.de\/index.php?rest_route=\/wp\/v2\/pages\/4883\/revisions"}],"predecessor-version":[{"id":5603,"href":"https:\/\/www.tsvtanzen.de\/index.php?rest_route=\/wp\/v2\/pages\/4883\/revisions\/5603"}],"wp:attachment":[{"href":"https:\/\/www.tsvtanzen.de\/index.php?rest_route=%2Fwp%2Fv2%2Fmedia&parent=4883"}],"curies":[{"name":"wp","href":"https:\/\/api.w.org\/{rel}","templated":true}]}}